{"id":82,"date":"2010-03-29T19:07:49","date_gmt":"2010-03-29T17:07:49","guid":{"rendered":"http:\/\/www.kaarinankuvaajat.net\/blog\/?page_id=82"},"modified":"2020-07-26T18:12:55","modified_gmt":"2020-07-26T15:12:55","slug":"yhdistys","status":"publish","type":"page","link":"https:\/\/www.kaarinankuvaajat.net\/blog\/?page_id=82","title":{"rendered":"Yhdistys"},"content":{"rendered":"<h1>Tervetuloa!<\/h1>\n<div>\n<p>Kaarinan Kuvaajien verkkosivuille www.kaarinankuvaajat.net!<\/p>\n<p><code><\/code><\/p>\n<p><code><\/code>Kaarinan kuvaajat ry on perustettu vuonna 1994, joten vuonna 2019 yhdistyksemme t\u00e4ytti 25 vuotta.\u00a0 Ensimm\u00e4isen 20 vuoden toiminta on ker\u00e4tty yksiin kansiin ja julkaistu <a href=\"https:\/\/www.kaarinankuvaajat.net\/blog\/wp-content\/uploads\/2015\/10\/Kaarinan-Kuvaajien-historia-Kaarina-seuran-lehteen-2.pdf\">lyhyen\u00e4 historiikkin\u00e4.<\/a>\u00a0Toimintamme jatkuu edelleen ja ohjelmaa on luvassa jatkossakin.<\/p>\n<div>\n<p>Omistamme valokuvakehyksi\u00e4 ja muuta hy\u00f6dyllist\u00e4 tavaraa esim. n\u00e4yttelyiden j\u00e4rjest\u00e4mist\u00e4 varten. Kokoontumispaikka on t\u00e4ll\u00e4 hetkell\u00e4 Kaarinan Kansalaistoiminnan keskus Puntari, Pyh\u00e4n Katariinan tie 7.<\/p>\n<p>Ajankohtaista -palstalla kerrotaan aina seuraavan kokoontumisen paikka. Kokoontumisaika on joka kuun ensimm\u00e4inen keskiviikko klo 18:30.<\/p>\n<p>Kokoontumisiin on j\u00e4rjestetty vaihtelevaa ohjelmaa. Joka kerta j\u00e4rjestet\u00e4\u00e4n yhdistyksen sis\u00e4inen &#8216;valokuvakilpailu&#8217;, <a href=\"https:\/\/www.kaarinankuvaajat.net\/blog\/?page_id=13l\">Salakampa<\/a>. Ideana on esitt\u00e4\u00e4 valokuvia tuntemattomina, kommentoida niit\u00e4 ja lopulta \u00e4\u00e4nest\u00e4\u00e4 parhaat. Pisteit\u00e4 jaetaan paremmuusj\u00e4rjestyksess\u00e4. Vuoden loppuun menness\u00e4 eniten pisteit\u00e4 ker\u00e4nnyt palkitaan jollain tavoin. Muun muassa suurella kunnialla.<\/p>\n<p><span style=\"font-size: medium;\"><strong>Haluatko liitty\u00e4 j\u00e4seneksi!<\/strong><\/span><\/p>\n<p>T\u00e4yt\u00e4 <a href=\"https:\/\/www.kaarinankuvaajat.net\/blog\/?page_id=134\">j\u00e4senhakemuslomake<\/a> ja maksa j\u00e4senmaksu yhdistyksen tilille. N\u00e4in p\u00e4\u00e4set mukaan\u00a0yhdistyksen toimintaan ja j\u00e4senist\u00f6lle tarkoitettuun s\u00e4hk\u00f6postijakeluun. Olet my\u00f6s aina tervetullut kokoukseen vaikkapa ensin aluksi tutustumaan toimintaan, jos vasta harkitset j\u00e4senyytt\u00e4.<\/p>\n<p>Kaarinan Kuvaajat ry on Suomen Kamera-seurojen liiton j\u00e4sen (SKsL). <a href=\"http:\/\/www.sksl.fi\">www.sksl.fi<\/a>, ja j\u00e4senedut tulevat enimm\u00e4kseen t\u00e4t\u00e4 kautta.<\/p>\n<\/div>\n<\/div>\n","protected":false},"excerpt":{"rendered":"<p>Tervetuloa! Kaarinan Kuvaajien verkkosivuille www.kaarinankuvaajat.net! Kaarinan kuvaajat ry on perustettu vuonna 1994, joten vuonna 2019 yhdistyksemme t\u00e4ytti 25 vuotta.\u00a0 Ensimm\u00e4isen 20 vuoden toiminta on ker\u00e4tty yksiin kansiin ja julkaistu lyhyen\u00e4 historiikkin\u00e4.\u00a0Toimintamme jatkuu edelleen ja ohjelmaa on luvassa jatkossakin. Omistamme valokuvakehyksi\u00e4 ja muuta hy\u00f6dyllist\u00e4 tavaraa esim. n\u00e4yttelyiden j\u00e4rjest\u00e4mist\u00e4 varten. Kokoontumispaikka on t\u00e4ll\u00e4 hetkell\u00e4 Kaarinan Kansalaistoiminnan keskus [&hellip;]<\/p>\n","protected":false},"author":4,"featured_media":0,"parent":0,"menu_order":0,"comment_status":"closed","ping_status":"closed","template":"","meta":{"footnotes":""},"class_list":["post-82","page","type-page","status-publish","hentry"],"_links":{"self":[{"href":"https:\/\/www.kaarinankuvaajat.net\/blog\/index.php?rest_route=\/wp\/v2\/pages\/82","targetHints":{"allow":["GET"]}}],"collection":[{"href":"https:\/\/www.kaarinankuvaajat.net\/blog\/index.php?rest_route=\/wp\/v2\/pages"}],"about":[{"href":"https:\/\/www.kaarinankuvaajat.net\/blog\/index.php?rest_route=\/wp\/v2\/types\/page"}],"author":[{"embeddable":true,"href":"https:\/\/www.kaarinankuvaajat.net\/blog\/index.php?rest_route=\/wp\/v2\/users\/4"}],"replies":[{"embeddable":true,"href":"https:\/\/www.kaarinankuvaajat.net\/blog\/index.php?rest_route=%2Fwp%2Fv2%2Fcomments&post=82"}],"version-history":[{"count":42,"href":"https:\/\/www.kaarinankuvaajat.net\/blog\/index.php?rest_route=\/wp\/v2\/pages\/82\/revisions"}],"predecessor-version":[{"id":3218,"href":"https:\/\/www.kaarinankuvaajat.net\/blog\/index.php?rest_route=\/wp\/v2\/pages\/82\/revisions\/3218"}],"wp:attachment":[{"href":"https:\/\/www.kaarinankuvaajat.net\/blog\/index.php?rest_route=%2Fwp%2Fv2%2Fmedia&parent=82"}],"curies":[{"name":"wp","href":"https:\/\/api.w.org\/{rel}","templated":true}]}}