{"id":3517,"date":"2021-01-01T19:37:27","date_gmt":"2021-01-01T17:37:27","guid":{"rendered":"http:\/\/www.kaarinankuvaajat.net\/?page_id=3517"},"modified":"2025-01-20T21:44:41","modified_gmt":"2025-01-20T19:44:41","slug":"vuosikilpailun-saannot-2","status":"publish","type":"page","link":"https:\/\/www.kaarinankuvaajat.net\/blog\/?page_id=3517","title":{"rendered":"Vuosikilpailun s\u00e4\u00e4nn\u00f6t 2024"},"content":{"rendered":"<h2>Kaarinan Kuvaajien vuosikilpailun s\u00e4\u00e4nn\u00f6t vuodelle 2024<\/h2>\n<p>1. Kilpailun nimi on Kaarinan Kuvaajien vuosikilpailu ja se pidet\u00e4\u00e4n vuosittain.<\/p>\n<p>2. Osanotto-oikeus on j\u00e4senmaksunsa maksaneilla yhdistyksen j\u00e4senill\u00e4. Aihe on vapaa, <strong>mutta kuva tulee olla otettu vuoden 2024 aikana.<\/strong><\/p>\n<p>3. Kilpailussa on kaksi digitaalista sarjaa: v\u00e4rikuvat (v\u00e4ri) ja mustavalkoiset kuvat (mv).<\/p>\n<p>4. Kilpailuun voi kumpaankin sarjaan osallistua kolmella yksitt\u00e4isell\u00e4 kuvalla.<\/p>\n<p>5. Digikuvien pisimm\u00e4n sivun koon minimimitta on 2000 pikseli\u00e4, tiedostokoko max. 7 Mb. Digikuvat nimet\u00e4\u00e4n niin ett\u00e4 nimeen sis\u00e4ltyy my\u00f6s nimimerkki ja mustavalkoisten kuvien nimen alkuun MV_-etuliite. Esim. <strong>N\u00e4pp\u00e4ilij\u00e4_auringonlasku.jpg<\/strong> (v\u00e4rikuva), <strong>MV_N\u00e4pp\u00e4ilij\u00e4_kuutamo.jpg<\/strong> (mustavalkoinen kuva).\u00a0 Kuvia saa k\u00e4sitell\u00e4.<\/p>\n<p>6. Yhdistyksen aiemmissa kuvakilpailuissa palkitut kuvat voivat osallistua kilpailuun, aikaisemmin <strong>vuosikilpailussa<\/strong> palkituilla kuvilla ei kuitenkaan saa en\u00e4\u00e4 uudelleen osallistua.<\/p>\n<p>7. Yhdistyksen ulkopuoliset tuomarit arvioivat ja palkitsevat kuvat. Tuomarien nimi\u00e4 ei ilmoiteta etuk\u00e4teen.<\/p>\n<p>8. Kuvat toimitetaan <a href=\"https:\/\/www.kaarinankuvaajat.net\/blog\/?page_id=1614\">nettisivujen kautta<\/a> s\u00e4hk\u00f6iselle alustalle samalla periaatteella kuin salakampa-kuvat.<\/p>\n<p>9. Kummastakin sarjasta valitaan 6 parasta kuvaa joista 3 kummassakin sarjassa palkitaan. Palkinnot p\u00e4\u00e4tt\u00e4\u00e4 yhdistyksen hallitus.<\/p>\n<p>10. Vuosikilpailun k\u00e4yt\u00e4nn\u00f6n toteutuksesta sovitaan marraskuun kuukausikokouksessa.<\/p>\n<p>11. S\u00e4\u00e4nt\u00f6j\u00e4 voidaan hallituksen toimesta vuosittain muuttaa jos on tarvetta. Kilpailukuvista tehd\u00e4\u00e4n n\u00e4yttely.<\/p>\n<p>Kaarinan Kuvaajat ry<\/p>\n","protected":false},"excerpt":{"rendered":"<p>Kaarinan Kuvaajien vuosikilpailun s\u00e4\u00e4nn\u00f6t vuodelle 2024 1. Kilpailun nimi on Kaarinan Kuvaajien vuosikilpailu ja se pidet\u00e4\u00e4n vuosittain. 2. Osanotto-oikeus on j\u00e4senmaksunsa maksaneilla yhdistyksen j\u00e4senill\u00e4. Aihe on vapaa, mutta kuva tulee olla otettu vuoden 2024 aikana. 3. Kilpailussa on kaksi digitaalista sarjaa: v\u00e4rikuvat (v\u00e4ri) ja mustavalkoiset kuvat (mv). 4. Kilpailuun voi kumpaankin sarjaan osallistua kolmella yksitt\u00e4isell\u00e4 [&hellip;]<\/p>\n","protected":false},"author":4,"featured_media":0,"parent":0,"menu_order":0,"comment_status":"closed","ping_status":"closed","template":"","meta":{"footnotes":""},"class_list":["post-3517","page","type-page","status-publish","hentry"],"_links":{"self":[{"href":"https:\/\/www.kaarinankuvaajat.net\/blog\/index.php?rest_route=\/wp\/v2\/pages\/3517","targetHints":{"allow":["GET"]}}],"collection":[{"href":"https:\/\/www.kaarinankuvaajat.net\/blog\/index.php?rest_route=\/wp\/v2\/pages"}],"about":[{"href":"https:\/\/www.kaarinankuvaajat.net\/blog\/index.php?rest_route=\/wp\/v2\/types\/page"}],"author":[{"embeddable":true,"href":"https:\/\/www.kaarinankuvaajat.net\/blog\/index.php?rest_route=\/wp\/v2\/users\/4"}],"replies":[{"embeddable":true,"href":"https:\/\/www.kaarinankuvaajat.net\/blog\/index.php?rest_route=%2Fwp%2Fv2%2Fcomments&post=3517"}],"version-history":[{"count":11,"href":"https:\/\/www.kaarinankuvaajat.net\/blog\/index.php?rest_route=\/wp\/v2\/pages\/3517\/revisions"}],"predecessor-version":[{"id":6292,"href":"https:\/\/www.kaarinankuvaajat.net\/blog\/index.php?rest_route=\/wp\/v2\/pages\/3517\/revisions\/6292"}],"wp:attachment":[{"href":"https:\/\/www.kaarinankuvaajat.net\/blog\/index.php?rest_route=%2Fwp%2Fv2%2Fmedia&parent=3517"}],"curies":[{"name":"wp","href":"https:\/\/api.w.org\/{rel}","templated":true}]}}

Vuosikilpailun säännöt 2024

<h2>Kaarinan Kuvaajien vuosikilpailun säännöt vuodelle 2024</h2>
<p>1. Kilpailun nimi on Kaarinan Kuvaajien vuosikilpailu ja se pidetään vuosittain.</p>
<p>2. Osanotto-oikeus on jäsenmaksunsa maksaneilla yhdistyksen jäsenillä. Aihe on vapaa, <strong>mutta kuva tulee olla otettu vuoden 2024 aikana.</strong></p>
<p>3. Kilpailussa on kaksi digitaalista sarjaa: värikuvat (väri) ja mustavalkoiset kuvat (mv).</p>
<p>4. Kilpailuun voi kumpaankin sarjaan osallistua kolmella yksittäisellä kuvalla.</p>
<p>5. Digikuvien pisimmän sivun koon minimimitta on 2000 pikseliä, tiedostokoko max. 7 Mb. Digikuvat nimetään niin että nimeen sisältyy myös nimimerkki ja mustavalkoisten kuvien nimen alkuun MV_-etuliite. Esim. <strong>Näppäilijä_auringonlasku.jpg</strong> (värikuva), <strong>MV_Näppäilijä_kuutamo.jpg</strong> (mustavalkoinen kuva).  Kuvia saa käsitellä.</p>
<p>6. Yhdistyksen aiemmissa kuvakilpailuissa palkitut kuvat voivat osallistua kilpailuun, aikaisemmin <strong>vuosikilpailussa</strong> palkituilla kuvilla ei kuitenkaan saa enää uudelleen osallistua.</p>
<p>7. Yhdistyksen ulkopuoliset tuomarit arvioivat ja palkitsevat kuvat. Tuomarien nimiä ei ilmoiteta etukäteen.</p>
<p>8. Kuvat toimitetaan <a href="https://www.kaarinankuvaajat.net/blog/?page_id=1614">nettisivujen kautta</a> sähköiselle alustalle samalla periaatteella kuin salakampa-kuvat.</p>
<p>9. Kummastakin sarjasta valitaan 6 parasta kuvaa joista 3 kummassakin sarjassa palkitaan. Palkinnot päättää yhdistyksen hallitus.</p>
<p>10. Vuosikilpailun käytännön toteutuksesta sovitaan marraskuun kuukausikokouksessa.</p>
<p>11. Sääntöjä voidaan hallituksen toimesta vuosittain muuttaa jos on tarvetta. Kilpailukuvista tehdään näyttely.</p>
<p>Kaarinan Kuvaajat ry</p>

<p>Kaarinan Kuvaajien vuosikilpailun säännöt vuodelle 2024 1. Kilpailun nimi on Kaarinan Kuvaajien vuosikilpailu ja se pidetään vuosittain. 2. Osanotto-oikeus on jäsenmaksunsa maksaneilla yhdistyksen jäsenillä. Aihe on vapaa, mutta kuva tulee olla otettu vuoden 2024 aikana. 3. Kilpailussa on kaksi digitaalista sarjaa: värikuvat (väri) ja mustavalkoiset kuvat (mv). 4. Kilpailuun voi kumpaankin sarjaan osallistua kolmella yksittäisellä [&hellip;]</p>
